{"id":11,"date":"2014-12-01T17:31:43","date_gmt":"2014-12-01T16:31:43","guid":{"rendered":"http:\/\/sykkelturen.com\/?page_id=11"},"modified":"2015-04-26T19:18:48","modified_gmt":"2015-04-26T17:18:48","slug":"info","status":"publish","type":"page","link":"https:\/\/sykkelturen.com\/?page_id=11","title":{"rendered":"Info"},"content":{"rendered":"<p>Sykkelturen skal g\u00e5 fra Kristiansand til Roma. Turen g\u00e5r av stabelen med avreise med Colorline til Hirtshals s\u00f8ndag 10. mai 2015. Vi skal sykle ca 270 mil og ca 20 000 h\u00f8ydemeter p\u00e5 fire uker med tre innlagte fridager. Vi er 6 godt voksne menn som vil gj\u00f8re et stunt og ta denne turen. Forutsetning er at alle har drevet som aktive mosjonister p\u00e5 litt ulikt niv\u00e5 med sykkel,l\u00f8p og ski. P\u00e5 turen vil vi benytte litt ulike sykler. De fleste har valgt hybrid men vi har ogs\u00e5 en p\u00e5 29&#8242; med smale dekk og en cyclocross. Bagasjen m\u00e5 vi b\u00e6re selv og vi har ikke f\u00f8lgebil. Lars Erik sykler med tilhenger, de resterende har bagasjen p\u00e5 sykkelen. M\u00e5let er \u00e5 n\u00e5 Roma senest l\u00f8rdag 6. Juni.<\/p>\n","protected":false},"excerpt":{"rendered":"<p>Sykkelturen skal g\u00e5 fra Kristiansand til Roma. Turen g\u00e5r av stabelen med avreise med Colorline til Hirtshals s\u00f8ndag 10. mai 2015. Vi skal sykle ca 270 mil og&#8230;<\/p>\n","protected":false},"author":1,"featured_media":0,"parent":0,"menu_order":0,"comment_status":"open","ping_status":"closed","template":"","meta":[],"_links":{"self":[{"href":"https:\/\/sykkelturen.com\/index.php?rest_route=\/wp\/v2\/pages\/11"}],"collection":[{"href":"https:\/\/sykkelturen.com\/index.php?rest_route=\/wp\/v2\/pages"}],"about":[{"href":"https:\/\/sykkelturen.com\/index.php?rest_route=\/wp\/v2\/types\/page"}],"author":[{"embeddable":true,"href":"https:\/\/sykkelturen.com\/index.php?rest_route=\/wp\/v2\/users\/1"}],"replies":[{"embeddable":true,"href":"https:\/\/sykkelturen.com\/index.php?rest_route=%2Fwp%2Fv2%2Fcomments&post=11"}],"version-history":[{"count":6,"href":"https:\/\/sykkelturen.com\/index.php?rest_route=\/wp\/v2\/pages\/11\/revisions"}],"predecessor-version":[{"id":184,"href":"https:\/\/sykkelturen.com\/index.php?rest_route=\/wp\/v2\/pages\/11\/revisions\/184"}],"wp:attachment":[{"href":"https:\/\/sykkelturen.com\/index.php?rest_route=%2Fwp%2Fv2%2Fmedia&parent=11"}],"curies":[{"name":"wp","href":"https:\/\/api.w.org\/{rel}","templated":true}]}}